= 7*v**3 - 13*v**2 + 5*v - 6. List the prime factors of c(4).
2, 127
Let x = 752 + -461. What are the prime factors of x?
3, 97
Let c be (-128)/(-28) + 8/(-14). Suppose 2*b + b + 4*p = -13, -2*b - c*p = 10. List the prime factors of b*(-3 + (-14 - 2)).
3, 19
Let u(m) be the second derivative of m**3/2 - 14*m**2 + 6*m. List the prime factors of u(10).
2
Let p = -18 + 23. Let c = p - 1. Suppose -q - c*q + 35 = 0. What are the prime factors of q?
7
What are the prime factors of 10*60*(-20)/(-15)?
2, 5
Suppose -430 = -36*b + 34*b. What are the prime factors of b?
5, 43
Suppose 0 = -2*g + 5*g. Suppose 4*f + g*f = 0. Suppose f = -2*i - 2*i + 64. What are the prime factors of i?
2
Let l be 0/(3/12*4). Suppose -a + 5*a + 4 = l, c - 60 = 5*a. Let x = c + -16. List the prime factors of x.
3, 13
Suppose -7*g = -5*g - 24. Let l = g + 38. List the prime factors of 18/(-9)*l/(-4).
5
Let v = 12 - 8. Let j(h) = -h**3 + 11*h**2 + 5*h. Let o(g) = g**3 - 12*g**2 - 6*g + 1. Let d(w) = v*j(w) + 3*o(w). List the prime factors of d(8).
19
Let l = 14 + 11. Suppose -27*f + l*f = -52. What are the prime factors of f?
2, 13
Let y(x) = -x + 89. Let h be y(0). Let l be (-13)/(-3) - (-1)/(-3). Suppose 0 = l*a - 19 - h. What are the prime factors of a?
3
Let l(w) = -4*w + 9*w**2 - 10*w + w**3 + 18*w - 2. Let c = -9 - -1. List the prime factors of l(c).
2, 3, 5
Let b(k) = -6*k**2 - 31*k - 5. Let a be b(-5). What are the prime factors of a + 2 + (0 - -201)?
7, 29
Suppose 21 - 117 = 3*j. Suppose 35 + 19 = o. Let w = o + j. List the prime factors of w.
2, 11
Suppose 32*r + 16790 = 55*r. What are the prime factors of r?
2, 5, 73
Let c = -10 + 7. Let z(j) = -2*j**3 - 2*j**2 + 3*j - 3. What are the prime factors of z(c)?
2, 3
Suppose -2645 = -3*k - t, -23*k - 5*t + 891 = -22*k. List the prime factors of k.
881
Let d be (27 - 23) + -3 + (0 - -1). Let v(h) = 5*h**2 + 2*h - 3. What are the prime factors of v(d)?
3, 7
Let m(h) = -8*h**2 + 6*h - 5. Let i(c) = 2*c**2 + 1. Let z(r) = -3*i(r) - m(r). Let j(y) = y**2 + 4*y + 1. Let s be j(-5). List the prime factors of z(s).
2, 19
Suppose -7*p = 3*v - 3*p - 23, -v - 5*p = -26. List the prime factors of 56 + 6 + -4*v.
2, 29
Suppose 456 = -363*f + 367*f. What are the prime factors of f?
2, 3, 19
Suppose 5*n - 6765 = 2*l + 2434, l - 1837 = -n. List the prime factors of n.
3, 613
Let n be 9/3 + (164 - 4). Let i = -93 + n. What are the prime factors of i?
2, 5, 7
Let f(c) be the first derivative of -6*c**2 - 11*c - 1. Let r be 0 + -4 + (3 - 3) + 0. List the prime factors of f(r).
37
Let m(a) = a**3 - 5*a**2 - a + 5. Let h be m(5). Let k(g) = -g + 5. Let l be k(h). Suppose i - 27 = -l. List the prime factors of i.
2, 11
Suppose -20 = -z + 140. Let d = 187 + -62. Suppose -3*p + n = -d, -4*p + z = 4*n - 28. What are the prime factors of p?
43
Let i(j) = 2*j**2 + 10*j - 6. What are the prime factors of i(12)?
2, 3, 67
Suppose -3*n + 888 = 4*z - 7*n, 0 = 4*z + n - 883. List the prime factors of z.
13, 17
Let d(o) = 2*o - 19. Let j be d(13). Suppose 3*z + 468 = j*z. What are the prime factors of (-1 - 8/(-6))*z?
3, 13
Suppose -2 = w + 3, 15405 = 5*j + 2*w. What are the prime factors of j?
3083
Let o = 24 - -1. Suppose 2*x + 4*r - 18 = 0, -5*x + 0*r - 7 = -3*r. What are the prime factors of (2 + -1)/(x/o)?
5
Suppose -2*k - 4*z + 1088 = 0, 4*z - 1622 = 19*k - 22*k. What are the prime factors of k?
2, 3, 89
Let x(p) = -p**3 + 8*p**2 - 6*p - 4. Let v be x(5). Let k = 24 - 19. Let y = v - k. What are the prime factors of y?
2, 3
Let n = -15 - -57. List the prime factors of n.
2, 3, 7
Let g(n) = -10*n - 2. Let l(t) = -7*t - 1. Let x(c) = 5*g(c) - 7*l(c). Let q be x(-8). Let h = 8 - q. List the prime factors of h.
3
Suppose t + 16 = -t. Let n = -11 - t. Let j(r) = r**3 + 4*r**2 + 2*r - 1. What are the prime factors of j(n)?
2
Let o = -82 - -723. List the prime factors of o.
641
Let l(p) = 98*p - 185. List the prime factors of l(9).
17, 41
Let y = -10 - 1. Let d = y - -13. List the prime factors of 33/d - (-3)/(-6).
2
Suppose 4*q = 3*o - 0*q - 831, 2*o + 3*q - 554 = 0. What are the prime factors of o?
277
Suppose -8 = 2*j - 0*j, -7 = -5*q + 3*j. Let c be 39/(-18) + q/(-6). List the prime factors of c/(1/48*-3).
2
Suppose -17*a - 2008 - 1052 = 0. Let l = -68 - a. What are the prime factors of l?
2, 7
Suppose 3*h - 16 - 20 = 0. List the prime factors of (-34)/(-6) - h/(-36).
2, 3
Suppose 4 - 7 = 3*s, 2*a + 9 = -s. Let y be ((-74)/a)/(11/22). Suppose 3*u - y = -i, 5*i + 4*u = i + 172. List the prime factors of i.
2, 23
Suppose -4*c + 0*c = -12, -c + 1150 = v. What are the prime factors of v?
31, 37
Let b(n) = -22*n + 589. List the prime factors of b(-47).
3, 541
Suppose -2*m - o + 26 = 0, -3*m - o = 2 - 43. List the prime factors of m.
3, 5
Let c(y) = 2*y**2 + 15*y - 8. Let z(k) = k**2 + 7*k - 4. Let l = 24 - 15. Let u(m) = l*z(m) - 4*c(m). List the prime factors of u(-7).
2, 3
Let l(v) = -6*v + 35. Let x be l(19). Let g = x - -133. What are the prime factors of g?
2, 3
Let d = 1713 - 1309. List the prime factors of d.
2, 101
Let x(a) = 63*a - 3. Let c(n) = -2*n + 14. Let d be c(6). Let b(r) = 1. Let p(v) = d*b(v) + x(v). What are the prime factors of p(1)?
2, 31
Suppose 5*b = 4926 + 1384. What are the prime factors of b?
2, 631
Suppose -3*d - 25 - 35 = 0. Let k be (24/(-8))/((-2)/d). Let u = k + 53. List the prime factors of u.
23
Let m = 133 + -100. Suppose f + 19 = m. List the prime factors of f.
2, 7
Let d = 499 - 133. What are the prime factors of d?
2, 3, 61
Let n(s) = 198*s - 94. What are the prime factors of n(5)?
2, 7
Suppose 3*h + 3*q = 3, 2*q - 6*q - 16 = -h. List the prime factors of h/(-6) - 1152/(-27).
2, 3, 7
Suppose -4*p + 5*o + 4309 = 0, 29 - 34 = o. What are the prime factors of p?
3, 7, 17
Let t be (-37)/4*(-31 - -19). Suppose 0 = -0*w + 2*w - 10. Suppose -w*k + 70 = p - t, -2*p = 5*k - 177. List the prime factors of k.
37
Let y(s) = -s**3 - 13*s**2 + 16*s - 3. Let c be y(-14). Let i = c - -74. What are the prime factors of i?
43
Let j(f) = 137*f - 694. What are the prime factors of j(26)?
2, 3, 239
Let g(d) = 12*d**2 - 49*d + 7. List the prime factors of g(7).
2, 3, 7
Let r = 460 + -255. List the prime factors of r.
5, 41
Suppose 5*r - 10 = g, -5*r = -3*r. Let d(t) = 2*t**2 - 2*t - 36. List the prime factors of d(g).
2, 23
Let l(x) = 1 - 16*x - 12*x - 40*x. List the prime factors of l(-1).
3, 23
Suppose -270*x + 277*x = 14672. What are the prime factors of x?
2, 131
Let y(t) be the second derivative of -t**3/3 + t**2 + t. Let p be y(-3). Suppose 5*j - 67 - p = 0. What are the prime factors of j?
3, 5
List the prime factors of (3164/(-16))/((-8)/32).
7, 113
Suppose 4*m - 2*m + 4*z = 1448, -2*z - 740 = -m. What are the prime factors of m?
2, 3, 61
Suppose 780 = -7*u + 9*u. Suppose -8*p - 2*p = -u. What are the prime factors of p?
3, 13
Let y = 5549 - 2454. List the prime factors of y.
5, 619
Let h(c) = -430*c**3 + 2*c + 2. What are the prime factors of h(-1)?
2, 5, 43
Let n be (-8)/(-20) - (-1)/((-5)/87). Let m = n - -84. What are the prime factors of m?
67
Let f be 2/((-3)/(-3) - (-230)/(-226)). Let i = 210 + f. What are the prime factors of i?
97
Let m = 3 - 1. Let z(d) = 2*d**3 + 1 - 3*d + 2*d**2 + d**2 - d**m. What are the prime factors of z(2)?
19
Suppose 1364 = 15*a - 9316. List the prime factors of a.
2, 89
Suppose 11*b + 119 = 9. What are the prime factors of (-28 - b/2)*-9?
3, 23
Let n = 8 + -11. Let s be ((-3)/(-6))/(n/(-12)). Suppose j + s*j = -q + 106, 2*j + 3*q - 59 = 0. What are the prime factors of j?
37
Let l(y) = 0*y + 42 - y - 57. Let t be l(-15). Suppose t = -2*h - 5*f + 111, -2*h - 53 = 2*f - 167. List the prime factors of h.
2, 29
Let g be 140 + (2 + 1 - 4). Suppose -3*r + g = -l, -r + 3*l - 63 = -2*r. List the prime factors of r.
2, 3
Let w = 14 + -9. Suppose -n = 4*n - w. Let b(v) = 10*v**2 - 2*v + 1. List the prime factors of b(n).
3
Suppose -4*d = -d + 81. Suppose 4 = -t - 14. Let x = t - d. List the prime factors of x.
3
Let y(i) = 13*i**2. Let n be y(-1). Suppose 0 = 4*g - 93 + n. Suppose 5*d - g = 0, 3*o + 5 = 4*d + d. List the prime factors of o.
5
Let q(n) = -n**3 + 28*n**2 - 4*n - 29. List the prime factors of q(11).
2, 31
Let b be (-4 + (-52)/(-16))*-128. Suppose -138 = -3*r + b. What are the prime factors 